hat are the prime factors of r(-4)?
11
Let j(i) = 114*i - 65. What are the prime factors of j(14)?
1531
What are the prime factors of -197*3/((-9)/366)?
2, 61, 197
List the prime factors of 11 + (-55862)/(-3) - 2/(-6).
2, 17, 137
Suppose -x - x = -58. Suppose -x*m + 6*m = -6325. What are the prime factors of m?
5, 11
Suppose -5*b - 2*z = -82, 3*b - 4*z = -z + 66. Let w = -13 + b. What are the prime factors of (-436)/w*(-5)/2?
2, 109
Suppose -2*b = -5*v - 9613, 0 = -5*v - 13*b + 10*b - 9618. Let o = -973 - v. List the prime factors of o.
2, 5, 19
Suppose -3*d + 13274 = -k, -4*d + 4621 + 13078 = -k. What are the prime factors of d?
3, 5, 59
Suppose 0 = -3*f + 4 + 104. Suppose 3*v = -m - 12, 4*m - m + 64 = 5*v. Let l = f + m. List the prime factors of l.
2, 3
Suppose l - 4*q = 203, -3*q = -5*l - 8*q + 890. Let n be (-4)/(-14) - (1 - 838/7). Let t = l - n. List the prime factors of t.
2
Let l = -56 - -119. Let g = l - -228. List the prime factors of g.
3, 97
Let k(q) = 10*q**2 + 389*q - 250. List the prime factors of k(-103).
17, 53, 73
Suppose -2*h - 102 = 15*h. Let z(x) = -31*x + 8. What are the prime factors of z(h)?
2, 97
Let z = 105 + -37. Let g be (9/(-6) + -3)*z/(-3). Suppose 0 = 7*t - 10*t + g. What are the prime factors of t?
2, 17
Suppose 120*v - 3222480 = -54*v. What are the prime factors of v?
2, 5, 463
Suppose 59664 = 17*u - 44087. List the prime factors of u.
17, 359
Let u(n) = 325*n**2 + 301*n - 8. What are the prime factors of u(-6)?
2, 4943
Let f = -112 - -139. Let y = f - -145. What are the prime factors of y?
2, 43
Let f(q) = q**3 + 57*q**2 + 124*q + 91. What are the prime factors of f(-27)?
7, 2659
Let p = -6 - -6. Suppose -2*k = -p*q + 2*q + 4, 6 = -q - 2*k. Suppose -3*s + 5*l - 4 = 0, q*s - 2*l = -0*l. What are the prime factors of s?
2
Let a = 414 + -810. Let i = a - -561. Let w = -115 + i. What are the prime factors of w?
2, 5
Let j = -391 - -804. Let a = 1023 - j. List the prime factors of a.
2, 5, 61
Suppose 23*n - 93148 = 193212 + 188038. List the prime factors of n.
2, 10313
Let g(w) = 8692*w - 1646. What are the prime factors of g(3)?
2, 5, 7, 349
Let y = -315 + 148. Let p = y - -319. Let i = -44 + p. What are the prime factors of i?
2, 3
List the prime factors of (6/3)/2*(7534 + 167).
3, 17, 151
Suppose 5*c = 3*r - 2, -c = 2*c + 4*r - 22. Suppose -z - 3*o = -82, -c*o = -o + 2. List the prime factors of z.
2, 11
Let p be -9*((-200)/(-3))/(-8). Let i = p - 71. Suppose 4*k + h = 3*k + 56, 280 = 5*k - i*h. What are the prime factors of k?
2, 7
Let q(z) be the third derivative of -13*z**2 + 31/24*z**4 - 3/2*z**3 + 0*z + 0. List the prime factors of q(4).
5, 23
Suppose 381610 + 16252 = 229*g + 88712. What are the prime factors of g?
2, 3, 5
Let y(n) = n**3 - 22*n**2 + 7*n + 58. Let m(k) = 2*k**3 - 14*k**2 - k + 29. Let u be m(7). What are the prime factors of y(u)?
2, 53
What are the prime factors of (1 + (-15)/6*5680)*11/(-33)?
4733
Suppose 0 = 2*f - 374 - 1346. Suppose -y - f = -3*y. List the prime factors of y.
2, 5, 43
Suppose -19*i = 154*i - 1928085. List the prime factors of i.
3, 5, 743
Let t(z) = 1235*z - 2004. What are the prime factors of t(40)?
2, 17, 41
Let d = 633 - -12716. List the prime factors of d.
7, 1907
Suppose 26768 = -22*z - 6*z. Let k = 2491 + z. List the prime factors of k.
5, 307
Let h = -23369 - -41865. What are the prime factors of h?
2, 17
Let n(i) = -i**2 + 13*i - 9. Let u be n(12). Suppose -15 = -2*d - u*t, 2*d - 1 = 5*t - 10. Suppose -d*z - 1 = -4, -z - 182 = -3*p. List the prime factors of p.
61
Suppose -5*z - 2*y - 1 = 0, -17 = -5*z + y + 3*y. List the prime factors of (-1098)/12*(z*-6 - -2).
2, 3, 61
Let q = 56770 - 4575. What are the prime factors of q?
5, 11, 13, 73
Let x = 4070 - -1038. List the prime factors of x.
2, 1277
Suppose 26 - 10 = 4*l. Suppose 5*t + 3*p = 6*p + 2367, l*p + 1418 = 3*t. What are the prime factors of t?
2, 3, 79
Let m = -315 + -7. Let d = m + 647. List the prime factors of d.
5, 13
Suppose -16 + 11 = -s. Suppose -g + 8 = -3*r, s*g + 0*r + 2 = r. What are the prime factors of (59/(-3))/(g/3)?
59
Let j(a) = -1 + 213*a + 94*a + 14*a + 3 - 12*a. List the prime factors of j(1).
311
Let u be ((-119)/(-9))/(-1) + 36/162. Let k be u/(-65) + (1014/(-10))/(-3). Suppose k*h - 29*h = 940. List the prime factors of h.
2, 47
Let w = -4348 - -6647. Suppose -71 = -6*a + w. List the prime factors of a.
5, 79
Let w = -1380 + 7511. What are the prime factors of w?
6131
Let y = -1637 + 7234. What are the prime factors of y?
29, 193
Suppose 9 = b + 3*a, -5*a - 1 + 8 = -b. List the prime factors of (-530)/3*b/(-2).
5, 53
Let l(t) = -t**3 - 20*t**2 + 47*t + 152. List the prime factors of l(-24).
2, 83
Suppose 74868 - 327775 = -98*t + 715529. What are the prime factors of t?
2, 3, 61
Let t = -63113 - -105895. List the prime factors of t.
2, 21391
Let y = 7468 + -4412. List the prime factors of y.
2, 191
Let m = -1208 - -2505. Suppose -19*d + 926 = -m. What are the prime factors of d?
3, 13
Let z = -10 - -23. Suppose 0 = 3*n - 1 + z. List the prime factors of (-148)/((-2)/n*(-18)/9).
2, 37
Suppose 0 = 18*p + 582*p + 1040175 - 36221175. What are the prime factors of p?
3, 5, 1303
Suppose -71*x + 525628 + 343240 = -9*x. List the prime factors of x.
2, 7, 11, 13
Suppose -131 = -2*r + 3*f - 6*f, -r + 3*f + 43 = 0. Suppose 0 = 2*v - r - 150. Let c = v - 7. List the prime factors of c.
97
Suppose 3*b + 8 = 2. Let d be b + 0 - (-61 - -1). Let k = d + -10. List the prime factors of k.
2, 3
Suppose 3*w = -2*p + 2792, 5*p + 33 - 8 = 0. Let q = -618 + w. List the prime factors of q.
2, 79
Let v = 3850 - 2050. Suppose -d + 5*d = v. Suppose 5*f + 20 = 0, 5*l = 4*f + f + d. What are the prime factors of l?
2, 43
Suppose 0 = -4*s + 4*i + 9240, -55*s + 6940 = -52*s - i. List the prime factors of s.
5, 463
Suppose 3*m = -4*m - 812. Let c = 221 + m. List the prime factors of c.
3, 5, 7
Suppose -43*t - 5349 = -23495. What are the prime factors of t?
2, 211
Let r be (-6)/8 + (-114)/(-24). Suppose 0 = -5*i + 13*s - 8*s + 585, -r*i - 3*s = -475. List the prime factors of i.
2, 59
Let y(w) = -20 + w**2 + 493*w - 253*w - 241*w. Suppose -l - 5*m = -2 + 3, l - 3*m = -17. What are the prime factors of y(l)?
2, 7
Let l be 32/56 + 31/7. Suppose 10 = 4*u + p + p, 35 = l*u - 2*p. Suppose 2*v = -4*s + 180, 4*s = -u*v + 2*v + 176. List the prime factors of s.
47
Let d(f) = -2*f**3 - 33*f**2 + 18*f + 17. Let l be d(-17). Suppose 10*c - 500 = -l*c. What are the prime factors of c?
2, 5
Let u be 50/20*(-76)/(-10). Suppose u*a - 16338 = 5*a. What are the prime factors of a?
3, 389
Let g be 33/15 + 17/(-85). Suppose 0 = 4*l - g*k - 1542, 0 = -l + 2*k + 126 + 255. List the prime factors of l.
3, 43
Let k = 216 + -204. Suppose -k*y + 10*y + 898 = 0. What are the prime factors of y?
449
List the prime factors of -404 + 407 + 26228 + -1.
2, 5, 43, 61
Suppose 0 = -5*n - 1 + 11. Suppose 0 = -6*i - 296 + 1808. Suppose -119 = -q + 5*w + 121, q - n*w = i. List the prime factors of q.
2, 5, 13
Let b(a) = 4*a + 9. Let c be b(-3). Let p be 266/3 + c - (-4)/12. Let o = 118 - p. List the prime factors of o.
2
Let z(h) be the first derivative of h**4/12 - 4*h**2 - 6*h - 8. Let g(x) be the first derivative of z(x). What are the prime factors of g(-4)?
2
Let u(p) = 80*p**3 + 37*p**2 - 104*p - 8. List the prime factors of u(4).
2, 661
Suppose 0 = -67*w + 16*w + 36006. Suppose 2*c + 122 = w. List the prime factors of c.
2, 73
Let c be (-2)/(-6) - 112/48. List the prime factors of c*(-1)/(-6) + 2264/6.
13, 29
Suppose -9*q + 54 = -171. Let f(i) = -i**3 + 27*i**2 - 35*i - 61. What are the prime factors of f(q)?
2, 157
Let g(x) = 3*x**3 - 47*x**2 - 16*x - 14. What are the prime factors of g(18)?
2, 983
Let l be 6 - 4/(-6 - -2). Suppose 0 = -5*v + 37 - l. List the prime factors of (65/(-39))/((-2)/v).
5
Let u be 0 - 200/(-52) - 4/(-26). Suppose 1517 = 3*s - 4*g, -u*s + 1991 = -0*g + g. What are the prime factors of s?
499
Let i be ((-3)/((-12)/2))/(20/40). List the prime factors of 6/i*(1 + (-1344)/(-9)).
2, 11, 41
Let l(n) = 55*n - 67. Let a be l(2). Let z(c) = -c**3 + 43*c**2 + 3*c + 31. What are the prime factors of z(a)?
2, 5
Let b = 33 - 34. Let r be (-856)/(-5) - b/15*-3. Let q = r + -96. What are the prime factors of q?
3, 5
Suppose -204